aluate -1 - 0 - ((6 - 10) + 26).
-23
Calculate (12 + 4 - 9) + 2 - (-27 - -47).
-11
32 + -5 - (-61 + 12 + 40)
36
What is -12699 - -12676 - (-1 + -68 - 1)?
47
What is 26 + 10 - (-7 - -1 - (-7 + 1))?
36
What is 5 + -43 - (1 - (8 + -6 + -11 - -7))?
-41
(-5 - -4) + (7 - (3 + 4) - (9 - -60))
-70
12 + (104 - 125 - ((4 - 0) + -17))
4
What is 45 + (88 + -77 - 131)?
-75
-34 + (-71 - 23) - -33 - 9
-104
Evaluate 17 + -79 + 0 - ((-7 - -23) + 5).
-83
What is the value of (10 - 21) + 0 + -17 - 27?
-55
What is the value of (-23 - -1 - 1) + 651 + -672?
-44
(11 + 37 - 136) + 46
-42
What is the value of -10 + (-4 + -2 - -12 - 8) + 16?
4
What is -8 + 10 - (-22 - (-3 + 1))?
22
Evaluate -13 + -10 + 17 + -17 + 14 + -48.
-57
What is -41 + (45 - -11) + -22 + -3?
-10
Evaluate 6 + (370 - 360) + 1 + (-4 - 0 - 13).
0
Calculate (44 - -11) + -7 - (-6 + (-3 - 3) + 8).
52
What is the value of 114 + 69 + -185 + 12?
10
Evaluate (-4 + 0 - -8) + (-134 - -136) - 7.
-1
What is -46 - (686 - 711 - (-26 + 1))?
-46
What is 6 + 5 + 5 + -8 - (8 + -9 + -41)?
50
Evaluate -156 + -53 + 243 + -104.
-70
-2 + 4 + -13 + -17
-28
What is the value of -11 + (28 - 23) + -11 - -38?
21
Calculate (45 + -35 - 38 - -21) + 2 + -38.
-43
Evaluate (1 - -5) + (-3 + 30 + -44 - 0).
-11
(-33 - -26 - (-15 - -5)) + -6 - 3
-6
Calculate -19 + (38 - 7) + -35 + -2 + 1.
-24
Calculate (-5 - (-22 - (-10 - 4))) + -4.
-1
Calculate 5 + 6 + (-152 - -128).
-13
Calculate 6 + (78 - 73) + -1 + (19 - 1).
28
What is the value of -21 - ((-22 - (42 - 35)) + -79)?
87
Evaluate 7281 + -7294 - (-4 - (0 + -2) - -6).
-17
Evaluate 26 + -38 + (55 - 28).
15
Evaluate 62 - 35 - 100 - 1 - -31.
-43
Calculate -22 - (-2 + 11 + -7 + -4).
-20
Evaluate (-21 - 1 - (-9 - 0)) + 7 - -60 - 1.
53
Evaluate (14592 - 14561) + (-127 - -1).
-95
-18 + -1 + 8 + (-8 - -3) + 2
-14
What is the value of 52 - (132 - 82 - (36 + 3))?
41
What is the value of 4 - 10 - -1 - ((1 - (-12 - -22)) + 14)?
-10
-72 - (-28 - (-1 + -11 - (580 + -569)))
-67
What is 14 - -3 - (89 + 53 + -102)?
-23
Calculate 3 + 35 + (17 - 30 - -6) + 6.
37
58 + (150 - 136) + 1 + -19
54
Calculate -5 + 4 + 1 - (-454 - -394).
60
2 + -7 - (-97 + 55 + 36)
1
Evaluate 231 + -288 + (-7 - -117).
53
What is 73 + -83 - 43 - 51?
-104
What is the value of (-44 - -32) + 29 + (1 - 3) - (2 - 119)?
132
What is the value of (-84 - -18) + (45 - (-14 + 49))?
-56
16 - (-44 - (91 - 133) - (-51 + 0))
-33
Evaluate 11 - (37 - (0 + -9) - (-11 - -4)).
-42
Calculate -74 - (-42 + 0 - (-80 + 65)).
-47
Calculate -6 - -2 - (39 + -2 - (134 + -112) - -60).
-79
What is the value of (23 + -7 - 22) + (-1 - 9 - (2 - 3))?
-15
0 + 46 + 1 + -97
-50
What is (0 - 3) + 11 + (4 - -11) + -10?
13
What is 219 + -218 + (4 - (11 + -1 + -3)) - 64?
-66
What is the value of -40 - (-20 - (84 - 3))?
61
-3 - (-11 - (32 + 8 + 0 + 3))
51
What is (-338 - -317) + (4 - (-29 + 5))?
7
36 + -35 + (-10 - -5 - -3) + -1 + 58
56
What is -68 + (-12 - (-24 + 20) - -18) + -8?
-66
Evaluate 60 + (9 - 0) + (-53 + 28 - -31) + -4.
71
What is 93 - (68 - -33) - (0 + 21)?
-29
What is the value of -57 - (60 - (5 - -112))?
0
Calculate -95 + (15 - 12 - -72).
-20
What is the value of (34 - (37 + 11)) + 18?
4
Calculate -9 + 9 - (-98 - 0) - (1261 - 1246).
83
Evaluate 6 + (-46 - 5) + (-11 - 12 - -32) + 1.
-35
Evaluate -7 + -16 + -4 + 12 + -26 + 4.
-37
What is the value of 22 + 22 + (10 + 0 - (-27 - -30))?
51
Calculate (61 - (0 - -17)) + -34.
10
What is (-40 - -25) + 10 + -15 + 96?
76
Calculate (63 - 37 - 16) + -46.
-36
Calculate 184 - (119 + (24 - 82)).
123
What is -3 + (-5 - (-26 + 15)) + -33 + 37?
7
What is (-24 - -1) + -5 - (17 - (-8 + 9))?
-44
Calculate 29 + (39 - 79) + (29 - -1).
19
Calculate (3 - 0) + (-21 - -21) + -50 - (4 + -15).
-36
What is the value of -12 + (105 - 52) + 20?
61
What is (-4 - -2) + -4 + -48 + (-67 - -73)?
-48
Evaluate -25 - (2 + -16 + 3 + 15).
-29
What is the value of -27 + -3 + (-358 - -394)?
6
6 + (3 - (46 - (-8 + (12 + -6 - 7))))
-46
Calculate -63 + -18 - (-114 + -26).
59
What is -19 - -2 - (-221 + 250)?
-46
-88 - (-17 + 61 + -26 + -38)
-68
Evaluate -13 + 2 + 162 + -117.
34
30 + (-74 - (14 - 100))
42
(0 + -4 - -38) + (-388 - -412)
58
What is the value of -33 + -3 + 43 + -55?
-48
What is 1281 - 1322 - (-57 - -2) - (-68 - (-1 + 2))?
83
What is the value of -50 + (-50 - -47) - 17?
-70
10 + -2 + -49 + 85
44
Evaluate (-170 - -84) + 78 - -24.
16
What is -28 + -2 + (-1 - (13 + -1 + -25))?
-18
Evaluate 18 - ((14 - (38 - 65)) + 113).
-136
Calculate -4216 - -4231 - (1 + (-2 - -16)).
0
What is -5 - 6 - (3 - 21 - 46 - (1 - -12))?
66
Evaluate (-57 - (-25 + -5) - -26) + 3.
2
-63 + 29 + -5 + 53
14
-40 + -9 + 8 + (-27 - -17) + 5
-46
Evaluate ((-33 - -3) + 74 + -11 + 0 - -6) + -9.
30
What is the value of -12 - (0 - 112 - (-57 + (55 - 2)))?
96
33 - -7 - 45 - (-34 + 7)
22
Calculate -117 + 12 + 94 + -50.
-61
What is the value of (39 - (-16 - -79)) + 25 - (66 + 1)?
-66
What is the value of ((-10 - -5) + 4 - (2 - -29)) + (-95 - -98)?
-29
Calculate -44 - (2 + 1 + 5 + (-13 - (7 - 6))).
-38
What is the value of -3 + (-6 + -14 - -26) + (1 - 2) + -8?
-6
What is 72 - -72 - 234 - -93?
3
Evaluate 123 - (-45 + (-13 - -10) + 18 + 0 + 14).
139
What is -59 - (0 + -2 - (20 - (14 - 1) - 3))?
-53
Evaluate (32 - (34 + -17)) + -29 + 37.
23
What is -19 + 38 + -4 + -81 - -19?
-47
What is (-8 + 94 - 8) + (394 - 396)?
76
Evaluate -25 - (-30 + 16) - 33.
-44
What is the value of (-47 - -19 - 36) + -28?
-92
-73 - (-69 + (-75 - -117))
-46
37 - (191 - 29 - 39 - 23)
-63
Calculate 36 + (-92 - -56 - 9).
-9
1 + -83 + 700 + -646
-28
-56 + (8 - 17) + -4 + (30 - 6)
-45
What is the value of -4 + ((0 - 2) + 1 - (47 + 55 + -96))?
-11
What is (-48 - (-131 + 118)) + -30?
-65
What is (16 - -1) + (8 - -3) + 10?
38
Evaluate (-45 - -18) + 22 + -1 + 77.
71
29 + (41 - 76) + -3 + 8
-1
What is -4 + 3 + 92 - (218 - 193)?
66
Calculate -9 + 5 + -1 - (-1147 - -1161).
-19
Evaluate -109 - (63 - (145 - 60)).
-87
-41 + 25 + -35 + (14 - 10) + -11
-58
Calculate 221 - 188 - ((10 - 2) + 47).
-22
Calculate 75 - (-30 + 31) - 28 - -7.
53
What is the value of 11 + 4 + (-10 - (-11 + -11))?
27
-35 + -4 + -26 + 85
20
Calculate -4 - -4 - (2 - -10) - (-4 - -15).
-23
What is (27 - (-12 + 75)) + 22 + -7?
-21
What is (11 - (-2 - -1)) + (-15 - (97 + -13))?
-87
Evaluate 26 - -6 - ((0 - (-6 - -1)) + -3 + -1).
31
Evaluate 71 + -6 + (-6 - -1) + (-10 - -12).
62
-36 + 2 + -4 - (16 - (-6 - -17) - 15)
-28
What is (-1 - (-142 + 158 - (-1 - 4))) + (-15 - -24)?
-13
What is -4 - ((-1 - -7) + 99 + -95)?
-14
Calculate 3 + (-7 - (0 + -4)) - (-13 + 8) - 52.
-47
What is (-6 - (15 - 22)) + (-78 - (-4 + 4)) + 4?
-73
What is 1 - 0 - ((3 - (10 + -19 + 8)) + -2)?
-1
Evaluate 99 + (-8 - 168) + 39.
-38
-40 + -95 - (-36 + -167)
68
-13 + 88 + -55 + 41 + 8 + (-1 - -1)
69
Evaluate -414 + 421 + 21 + 0 + -73.
-45
What is the value of -8 + 5 + -8 + 0 + (13 - 11) - 27?
-36
Calculate (112 - 166) + -191 + 127.
-118
Calculate -126 + (-83 - -97) + 36.
-76
What is 15 - (401 + -426 + (-4 + 1 - -2))?
41
What is the value of 63 - ((1 - -32 - (43 + -22)) + -17)?
68
Evaluate (1 + -1 - 32) + -49 + 75 + -29.
-35
What is the value of -17 - (18 - ((-1 - -3) + (-41 - -157)))?
83
-5 - -10 - (6 + (31 - -8) - (-3 - -1))
-42
Evaluate 7 - 63 - (15 + -9) - (-23 + 29).
-68
-3 + -5 + 8 + 43 + -19 + -11
13
Evaluate (-5 + -83 - (37 + -69)) + -1.
-57
Calculate (-22 - -29) + -220 + 253.
40
What is -2 - 103 - (4481 - 4669)?
83
Calculate 1 - 4 - -4 - (13 - (33 + 3)).
24
Evaluate (-1 - (7 + 12 + 7 + -14)) + 41.
28
What is the value of 29 - ((-106 - -52) + 178)?
-95
Calculate -6 + (12 - 12) - (8 - 22).
8
What is the value of -15 + (1 - -44) + (109 - 116 - (0 + -12))?
35
8 + (-2 - 2 - (437 + -417))
-16
Calculate -41 - (16 - 5 - (-19 + 45)).
-26
Evaluate 59 + (16 - 62) - (9 - 8).
12
What is the value of 4 + -96 + (2 - 20) + 5 + 9?
-96
What is 67 - (14 + 19) - 33?
1
Calculate -18 - (-16 - (-9 - -9) - 5).
3
(-26 - (2 - -133)) + 22 - (1 - 2) - 8
-146
Calculate 42 + (-38 - 46) + 29 + 32.
19
What is (55 - (3 - -9)) + -22 - (-2 - 0)?
23
6 + -1 + 3 + -41 + 1 + (-3 - -16)
-19
25 - ((0 - -17) + -12 + 17)
3
10 - (27 + -22 - (5 + 0 + -6))
4
Calculate 21 + 18 + -1 - (23 + -78).
93
What is the value of 1 + -65 - (261 + -213 + (-71 - -13))?
-54
Evaluate (-1 - 52) + 1 + 12 + -12 + (94 - 106).
-64
What is the value of -33 +